{"id":59,"date":"2024-05-20T15:20:37","date_gmt":"2024-05-20T15:20:37","guid":{"rendered":"https:\/\/new.forumenlinea.com\/?page_id=59"},"modified":"2024-05-20T15:21:26","modified_gmt":"2024-05-20T15:21:26","slug":"anunciese","status":"publish","type":"page","link":"https:\/\/forumenlinea.com\/?page_id=59","title":{"rendered":"\u00a1An\u00fanciese!"},"content":{"rendered":"<article class=\"item\">\n<div class=\"content clearfix\">\n<p style=\"text-align: justify;\"><span style=\"font-family: arial, helvetica, sans-serif; font-size: 12pt;\">Para anunciarse en nuestras p\u00e1ginas, puede contratar <strong>m\u00f3dulos de patrocinio<\/strong> o banners de diversos formatos.<\/span><\/p>\n<p style=\"text-align: justify;\"><span style=\"font-family: arial, helvetica, sans-serif; font-size: 12pt;\"><strong>M\u00f3dulos de patrocinio.<\/strong> S\u00f3lo hay cuatro espacios disponibles en el \u00e1rea de m\u00f3dulos de patrocinio que son rotativos de manera aleatoria as\u00ed que el anuncio cambia con cada consulta.<\/span><\/p>\n<p style=\"text-align: justify;\"><span style=\"font-family: arial, helvetica, sans-serif; font-size: 12pt;\">Estos anuncios son visibles al entrar a la portada y en todas las secciones del sitio web.<\/span><\/p>\n<p style=\"text-align: justify;\"><span style=\"font-family: arial, helvetica, sans-serif; font-size: 12pt;\">Los anuncios aparecen en el lado derecho de cada secci\u00f3n, p\u00e1gina de inicio, Utop\u00eda y en cada art\u00edculo o parte del sitio web de Forum en L\u00ednea.<\/span><\/p>\n<p style=\"text-align: justify;\"><span style=\"font-family: arial, helvetica, sans-serif; font-size: 12pt;\">El tama\u00f1o de los anuncios de patrocinio son de 300 pixeles x 250 pixeles.<\/span><\/p>\n<p style=\"text-align: justify;\"><span style=\"font-family: arial, helvetica, sans-serif; font-size: 12pt;\"><strong>Anuncio especial es de 300 pixeles x 400 pixeles.<\/strong><\/span><\/p>\n<p style=\"text-align: justify;\"><span style=\"font-family: arial, helvetica, sans-serif; font-size: 12pt;\">La contrataci\u00f3n del anuncio es por un periodo m\u00ednimo de un mes.<\/span><\/p>\n<p style=\"text-align: justify;\"><span style=\"font-family: arial, helvetica, sans-serif; font-size: 12pt;\">Banner \u00e1rea de anuncios de la barra lateral izquierda.<\/span><\/p>\n<p style=\"text-align: justify;\"><span style=\"font-family: arial, helvetica, sans-serif; font-size: 12pt;\">S\u00f3lo hay un m\u00e1ximo de seis espacios disponibles para anuncios, los cuales son fijos.<\/span><\/p>\n<p style=\"text-align: justify;\"><span style=\"font-family: arial, helvetica, sans-serif; font-size: 12pt;\">Estos anuncios son visibles \u00fanicamente al entrar a la portada.<\/span><\/p>\n<p style=\"text-align: justify;\"><span style=\"font-family: arial, helvetica, sans-serif; font-size: 12pt;\">Los anuncios aparecen en el lado izquierdo de la p\u00e1gina de inicio.<\/span><\/p>\n<p style=\"text-align: justify;\"><span style=\"font-family: arial, helvetica, sans-serif; font-size: 12pt;\">Los tama\u00f1os de los anuncios del lateral izquierdo son:<\/span><\/p>\n<p style=\"text-align: justify;\"><span style=\"font-family: arial, helvetica, sans-serif; font-size: 12pt;\">1 espacio de 150 pixeles x 300 pixeles.<\/span><\/p>\n<p style=\"text-align: justify;\"><span style=\"font-family: arial, helvetica, sans-serif; font-size: 12pt;\">2 espacios de 150 pixeles x 150 pixeles.<\/span><\/p>\n<p style=\"text-align: justify;\"><span style=\"font-family: arial, helvetica, sans-serif; font-size: 12pt;\">3 espacios de 150 pixeles x 100 pixeles.<\/span><\/p>\n<p style=\"text-align: justify;\"><span style=\"font-family: arial, helvetica, sans-serif; font-size: 12pt;\">6 espacios de 150 pixeles x\u00a0 50 pixeles.<\/span><\/p>\n<p style=\"text-align: justify;\"><span style=\"font-family: arial, helvetica, sans-serif; font-size: 12pt;\">La contrataci\u00f3n del anuncio es por un periodo m\u00ednimo de un mes.<\/span><\/p>\n<p style=\"text-align: justify;\"><span style=\"font-family: arial, helvetica, sans-serif; font-size: 12pt;\"><strong>Banner \u00e1rea de anuncios de la barra lateral derecha:<\/strong><\/span><\/p>\n<p style=\"text-align: justify;\"><span style=\"font-family: arial, helvetica, sans-serif; font-size: 12pt;\">No hay un l\u00edmite establecido de espacios disponibles para anuncios, los cuales son rotativos de manera aleatoria, as\u00ed que el anuncio cambia con cada consulta.<\/span><\/p>\n<p style=\"text-align: justify;\"><span style=\"font-family: arial, helvetica, sans-serif; font-size: 12pt;\">Estos anuncios son visibles en todo el sitio web.<\/span><\/p>\n<p style=\"text-align: justify;\"><span style=\"font-family: arial, helvetica, sans-serif; font-size: 12pt;\"><strong>Los anuncios aparecen en el lado derecho de las secciones, pudiendo establecer el acuerdo de colocar el anuncio en una secci\u00f3n en espec\u00edfico.<\/strong><\/span><\/p>\n<p style=\"text-align: justify;\"><span style=\"font-family: arial, helvetica, sans-serif; font-size: 12pt;\">El tama\u00f1os de los anuncios del lateral derecho son de 300 pixeles x 100 pixeles.<\/span><\/p>\n<p style=\"text-align: justify;\"><span style=\"font-family: arial, helvetica, sans-serif; font-size: 12pt;\">La contrataci\u00f3n del anuncio es por un periodo m\u00ednimo de un mes.<\/span><\/p>\n<p style=\"text-align: justify;\"><span style=\"font-family: arial, helvetica, sans-serif; font-size: 12pt;\">Con cada contrataci\u00f3n se incluye un v\u00ednculo a su p\u00e1gina de internet. Tambi\u00e9n se puede colocar el anuncio sin v\u00ednculo, al gusto del cliente.<\/span><\/p>\n<p style=\"text-align: justify;\"><span style=\"font-size: 12pt;\"><span style=\"font-family: arial, helvetica, sans-serif;\">En caso de no contar con un anuncio o p\u00e1gina de internet, nosotros la dise\u00f1amos<\/span><strong>con un costo extra al del anuncio contratado.<\/strong> <\/span><\/p>\n<p>\u00a0<img decoding=\"async\" src=\"nuevo\/images\/stock\/tamano_anuncios.jpg\" alt=\"\" \/><\/p>\n<\/div>\n<\/article>\n","protected":false},"excerpt":{"rendered":"<p>Para anunciarse en nuestras p\u00e1ginas, puede contratar m\u00f3dulos de patrocinio o banners de diversos formatos. M\u00f3dulos de patrocinio. S\u00f3lo hay cuatro espacios disponibles en el \u00e1rea de m\u00f3dulos de patrocinio que son rotativos de manera aleatoria as\u00ed que el anuncio cambia con cada consulta. Estos anuncios son visibles al entrar&#8230;<\/p>\n<div class=\"more-link-wrapper\"><a class=\"more-link\" href=\"https:\/\/forumenlinea.com\/?page_id=59\">Continuar leyendo<span class=\"screen-reader-text\">\u00a1An\u00fanciese!<\/span><\/a><\/div>\n","protected":false},"author":1,"featured_media":0,"parent":0,"menu_order":0,"comment_status":"closed","ping_status":"closed","template":"","meta":{"_acf_changed":false,"footnotes":""},"class_list":["post-59","page","type-page","status-publish","hentry","entry"],"acf":[],"_links":{"self":[{"href":"https:\/\/forumenlinea.com\/index.php?rest_route=\/wp\/v2\/pages\/59","targetHints":{"allow":["GET"]}}],"collection":[{"href":"https:\/\/forumenlinea.com\/index.php?rest_route=\/wp\/v2\/pages"}],"about":[{"href":"https:\/\/forumenlinea.com\/index.php?rest_route=\/wp\/v2\/types\/page"}],"author":[{"embeddable":true,"href":"https:\/\/forumenlinea.com\/index.php?rest_route=\/wp\/v2\/users\/1"}],"replies":[{"embeddable":true,"href":"https:\/\/forumenlinea.com\/index.php?rest_route=%2Fwp%2Fv2%2Fcomments&post=59"}],"version-history":[{"count":2,"href":"https:\/\/forumenlinea.com\/index.php?rest_route=\/wp\/v2\/pages\/59\/revisions"}],"predecessor-version":[{"id":61,"href":"https:\/\/forumenlinea.com\/index.php?rest_route=\/wp\/v2\/pages\/59\/revisions\/61"}],"wp:attachment":[{"href":"https:\/\/forumenlinea.com\/index.php?rest_route=%2Fwp%2Fv2%2Fmedia&parent=59"}],"curies":[{"name":"wp","href":"https:\/\/api.w.org\/{rel}","templated":true}]}}